{"id":131,"date":"2021-07-22T17:53:32","date_gmt":"2021-07-22T15:53:32","guid":{"rendered":"http:\/\/www.agp-verneuil.fr\/?page_id=131"},"modified":"2021-07-22T20:31:05","modified_gmt":"2021-07-22T18:31:05","slug":"reglement-interieur","status":"publish","type":"page","link":"https:\/\/www.agp-verneuil.fr\/index.php\/reglement-interieur\/","title":{"rendered":"R\u00e8glement int\u00e9rieur"},"content":{"rendered":"\n<p>REGLEMENT POUR LA PRATIQUE DE L\u2019ACTIVITE GYMNASTIQUE \/ PILATES AU SEIN D\u2019AGP VERNEUILLAISE \u2013 SAISON 2021-2022<\/p>\n\n\n\n<p><strong>Descriptif de l\u2019activit\u00e9&nbsp;:<\/strong><\/p>\n\n\n\n<p>Cours toniques avec activit\u00e9s diversifi\u00e9es effectu\u00e9es dans une ambiance d\u00e9tendue sus les directives d\u2019animatrices dipl\u00f4m\u00e9es&nbsp;:<\/p>\n\n\n\n<ul><li>Echauffements<\/li><li>Activit\u00e9s cardio-respiratoires<\/li><li>Renforcement musculaire, Etirements<\/li><\/ul>\n\n\n\n<p><strong>Conditions requises pour la pratique de l\u2019activit\u00e9&nbsp;:<\/strong><\/p>\n\n\n\n<ul><li>Adultes et adolescents<\/li><li>Avoir satisfait aux formalit\u00e9s d\u2019inscription<\/li><li>Tout nouvel adh\u00e9rent peut participer \u00e0 titre d\u2019essai \u00e0 deux s\u00e9ances<\/li><\/ul>\n\n\n\n<p><strong>Horaires et lieux&nbsp;:<\/strong><\/p>\n\n\n\n<ul><li>Consulter le site&nbsp;: <a href=\"http:\/\/www.agp-verneuil.fr\/\">www.agp-verneuil.fr<\/a><\/li><\/ul>\n\n\n\n<p><strong>Formalit\u00e9s administratives et financi\u00e8res&nbsp;:<\/strong><\/p>\n\n\n\n<p>Formalit\u00e9s d\u2019inscription&nbsp;: Les documents suivants sont \u00e0 remettre au responsable de section \u00e0 la premi\u00e8re s\u00e9ance de l\u2019activit\u00e9&nbsp;:<\/p>\n\n\n\n<ul><li>Bulletin d\u2019inscription sign\u00e9 (par les parents pour les mineurs)<\/li><li>Paiement adh\u00e9sion + cotisation<\/li><li>Certificat m\u00e9dical dat\u00e9 de moins de 3 mois, autorisant la pratique de la gymnastique \/ pilates<\/li><li>Certificat de vaccination COVID 19<\/li><\/ul>\n\n\n\n<p>Adh\u00e9sion \u00e0 l\u2019AGP&nbsp;Verneuillaise : pay\u00e9e en une seule fois<\/p>\n\n\n\n<p>Modalit\u00e9s de paiement accept\u00e9es : ch\u00e8ques \u00e0 l\u2019ordre d\u2019AGP Verneuillaise, esp\u00e8ces&nbsp;; bons, coupons. <strong>Dans le cas d\u2019une demande d\u2019encaissement en 2 fois, le versement doit \u00eatre effectu\u00e9 dans sa totalit\u00e9 \u00e0 l\u2019inscription<\/strong><\/p>\n\n\n\n<p>R<strong>\u00e8gles principales \u00e0 respecter&nbsp;:<\/strong><\/p>\n\n\n\n<p>Tenue vestimentaire&nbsp;: Les aires d\u2019exercice ne sont accessibles qu\u2019avec des chaussures (tennis, baskets ou chaussons) d\u00e9di\u00e9es \u00e0 l\u2019activit\u00e9 en salle et n\u2019ayant pas \u00e9t\u00e9 port\u00e9es \u00e0 l\u2019ext\u00e9rieur du gymnase.<\/p>\n\n\n\n<p>Effets de valeur&nbsp;: n\u2019apporter ni argent ni objet de valeur, AGP-Verneuillaise d\u00e9clinant toute responsabilit\u00e9 en cas de perte ou de vol.<\/p>\n\n\n\n<p>Respect des lieux et du mat\u00e9riel&nbsp;: Pri\u00e8re de respecter les locaux et mat\u00e9riels mis \u00e0 disposition<\/p>\n\n\n\n<p>Blessure durant la pratique&nbsp;: Toute blessure doit \u00eatre signal\u00e9e \u00e0 l\u2019animateur ou au responsable de section au plus tard sous 48 heures<\/p>\n\n\n\n<p><strong>Contacts<\/strong>&nbsp;: Le responsable de section est une personne b\u00e9n\u00e9vole, membre du conseil d\u2019administration. A ce titre, il est repr\u00e9sentant de l\u2019AGP Verneuillaise.<\/p>\n\n\n\n<p><strong>Responsable Gymnastique<\/strong>&nbsp;: Anne Varelhias&nbsp;: 05 55 00 18 66 \/ 06 95 09 26 73<\/p>\n\n\n\n<p><strong>Responsable Pilates<\/strong>\u00a0: Martial Pruvost\u00a0: 06 73 46 16 50<\/p>\n\n\n\n<p>Mail : asso@agp-verneuil.fr<\/p>\n","protected":false},"excerpt":{"rendered":"<p>REGLEMENT POUR LA PRATIQUE DE L\u2019ACTIVITE GYMNASTIQUE \/ PILATES AU SEIN D\u2019AGP VERNEUILLAISE \u2013 SAISON 2021-2022 Descriptif de l\u2019activit\u00e9&nbsp;: Cours toniques avec activit\u00e9s diversifi\u00e9es effectu\u00e9es dans une ambiance d\u00e9tendue sus [&hellip;]<\/p>\n","protected":false},"author":2,"featured_media":0,"parent":0,"menu_order":0,"comment_status":"closed","ping_status":"closed","template":"","meta":[],"_links":{"self":[{"href":"https:\/\/www.agp-verneuil.fr\/index.php\/wp-json\/wp\/v2\/pages\/131"}],"collection":[{"href":"https:\/\/www.agp-verneuil.fr\/index.php\/wp-json\/wp\/v2\/pages"}],"about":[{"href":"https:\/\/www.agp-verneuil.fr\/index.php\/wp-json\/wp\/v2\/types\/page"}],"author":[{"embeddable":true,"href":"https:\/\/www.agp-verneuil.fr\/index.php\/wp-json\/wp\/v2\/users\/2"}],"replies":[{"embeddable":true,"href":"https:\/\/www.agp-verneuil.fr\/index.php\/wp-json\/wp\/v2\/comments?post=131"}],"version-history":[{"count":2,"href":"https:\/\/www.agp-verneuil.fr\/index.php\/wp-json\/wp\/v2\/pages\/131\/revisions"}],"predecessor-version":[{"id":135,"href":"https:\/\/www.agp-verneuil.fr\/index.php\/wp-json\/wp\/v2\/pages\/131\/revisions\/135"}],"wp:attachment":[{"href":"https:\/\/www.agp-verneuil.fr\/index.php\/wp-json\/wp\/v2\/media?parent=131"}],"curies":[{"name":"wp","href":"https:\/\/api.w.org\/{rel}","templated":true}]}}